*3 - 10*l**2 - 22*l - 15. Calculate s(12).
9
Let a(u) = -u**3 - 7*u**2 + 6*u + 7. Calculate a(-4).
-65
Let u(m) = m**2 - 3*m + 2. What is u(4)?
6
Let d(f) = f**3 - 2*f**2 - f - 4. Determine d(3).
2
Let k(q) = q**3 - 6*q**2 + 4*q - 4. Give k(6).
20
Let p(d) = -5*d**2 + 4*d + 37. Determine p(5).
-68
Let z(w) = w**3 + 26*w**2 + 25*w - 42. What is z(-25)?
-42
Let x(m) = 6*m**3 - 2*m**2 - 2*m - 1. What is x(-1)?
-7
Let d(i) = -i**3 - 7*i**2 - 2*i - 1. Determine d(-4).
-41
Let l(o) = 4*o**3 - 3*o**2 + 2*o + 1. Calculate l(2).
25
Let z(o) = -o**2 - 23*o - 112. Give z(-9).
14
Let z(b) = -56*b. Give z(-1).
56
Let l(v) = 10*v**3 + 112*v**2 + 23*v + 7. Calculate l(-11).
-4
Let w(j) = 14*j + 58. Give w(-8).
-54
Let k(r) = -81*r + 76. Give k(1).
-5
Let x(q) = 43*q - 176. What is x(4)?
-4
Let o(i) = -i**3 + 11*i**2 + 11*i - 14. Calculate o(12).
-26
Let a(t) = -t**3 + 10*t**2 + t + 2. Give a(10).
12
Let c(l) = l**2 - 16*l - 15. Determine c(15).
-30
Let v(y) = 9*y - 8. Determine v(0).
-8
Let c(j) = -j**3 + 17*j**2 - 17*j + 10. Give c(16).
-6
Let z(x) = 2*x**2 + 50*x - 11. Determine z(-25).
-11
Let a(j) = j - 5. What is a(4)?
-1
Let r(c) = -5*c + 136. Give r(26).
6
Let u(p) = p - 49. Determine u(20).
-29
Let a(u) = 2*u + 3. Give a(4).
11
Let n(u) = -u**3 + u**2 + 28*u + 10. What is n(-5)?
20
Let c(k) = 9*k - 3. What is c(3)?
24
Let j(l) = l + 10. Determine j(-9).
1
Let c(k) = -4*k + 1. Calculate c(-4).
17
Let h(m) = m**2 + 15*m - 7. Give h(-14).
-21
Let a(f) = f**3 - 5*f**2 - 18*f - 2. What is a(8)?
46
Let l(s) = -s**2 - 3*s + 16. Give l(-7).
-12
Let a(y) = -2*y - 4. Calculate a(7).
-18
Let k(n) = -35*n + 60. Calculate k(2).
-10
Let x(o) = o**3 + 6*o**2 + 2*o - 1. Calculate x(-5).
14
Let h(d) = d**2 + 13*d + 15. What is h(-11)?
-7
Let h(z) = 14*z - 286. What is h(21)?
8
Let l(f) = -f**3 + 16*f**2 + 54*f + 51. Calculate l(19).
-6
Let j(n) = n**3 + 5*n**2 + 5. Calculate j(-4).
21
Let x(h) = 2*h**2 - 73*h - 126. Give x(38).
-12
Let r(d) = 3*d - 5. Calculate r(-7).
-26
Let i(d) = -d + 33. What is i(0)?
33
Let m(d) = -d**3 + 7*d**2 - 5. Give m(7).
-5
Let w(s) = s**3 + 8*s**2 - 5*s - 3. What is w(-8)?
37
Let i(z) = 10*z - 43. What is i(4)?
-3
Let u(g) = -g**3 + 7*g**2 - 5*g - 6. Give u(6).
0
Let t(f) = 4*f - 14. What is t(5)?
6
Let z(q) = 2*q + 57. Determine z(-30).
-3
Let g(w) = 23*w + 35. What is g(-2)?
-11
Let y(r) = 20*r + 174. Calculate y(-9).
-6
Let x(j) = -j**3 + 5*j**2 + 2. What is x(5)?
2
Let p(c) = c**3 + 5*c**2 - 3. Give p(-5).
-3
Let r(w) = w**3 + w**2 - w + 6. What is r(0)?
6
Let p(r) = -4*r + 1. Determine p(1).
-3
Let p(l) = 12*l - 1. Calculate p(-4).
-49
Let h(u) = -u**2 - 2*u - 14. What is h(-5)?
-29
Let u(c) = 2*c - 1. Give u(7).
13
Let x(q) = -q**2 + 12*q + 8. Calculate x(-4).
-56
Let i(a) = 2*a**2 + 15*a - 30. Give i(-9).
-3
Let t(j) = 2*j**3 - 12*j**2 + 4*j + 29. Calculate t(5).
-1
Let i(c) = 2*c**2 + 5*c + 2. Give i(6).
104
Let l(h) = 2*h**3 - 4*h - 7. What is l(-2)?
-15
Let n(o) = 10*o**2 - o - 1. Give n(-1).
10
Let v(b) = b**2 - 9*b + 6. Determine v(5).
-14
Let u(j) = j**3 - 13*j**2 + 4*j + 3. Give u(12).
-93
Let k(r) = -5*r**2 + 2*r + 9. Determine k(-3).
-42
Let v(f) = -2*f - 1. Determine v(1).
-3
Let q(j) = -2*j - 2. Calculate q(3).
-8
Let z(q) = q**3 - 6*q**2 - 4*q + 10. Calculate z(7).
31
Let z(f) = 2*f**3 + f**2 - f + 34. Determine z(0).
34
Let n(b) = b**2 - 25*b - 177. Calculate n(-6).
9
Let k(u) = -67*u**3 - 2*u - 2. What is k(-1)?
67
Let f(r) = -r**2 - 10*r + 43. What is f(-14)?
-13
Let o(d) = -41*d**2. What is o(1)?
-41
Let g(h) = h**3 + 3*h**2 - 4*h - 5. Calculate g(-3).
7
Let v(t) = -16*t**2 - 5*t + 10. Determine v(3).
-149
Let z(f) = f + 2. Give z(2).
4
Let b(x) = 2*x + 11. Calculate b(-17).
-23
Let o(r) = -9*r - 10. Calculate o(6).
-64
Let s(i) = -26*i**2 + 5*i + 8. Determine s(-2).
-106
Let f(a) = -2*a**2 - 15*a - 7. Calculate f(0).
-7
Let u(b) = -b**3 - 14*b**2 + 64*b + 223. Determine u(-17).
2
Let s(g) = -g**2 - 3*g + 15. Calculate s(5).
-25
Let f(h) = h**3 + 15*h**2 - 3*h. Determine f(-15).
45
Let k(o) = o**3 - 8*o**2 + 6*o + 18. Calculate k(6).
-18
Let o(p) = 2*p + 9. What is o(-4)?
1
Let i(k) = -9*k + 26. Calculate i(3).
-1
Let b(u) = -4*u + 25. Calculate b(6).
1
Let p(n) = -n**3 + 10*n**2 + n + 2. Determine p(10).
12
Let c(b) = -2*b**2 + 4*b - 14. Determine c(6).
-62
Let i(t) = 15*t - 11. Determine i(-2).
-41
Let m(o) = 4*o**2 + 2*o + 4. What is m(-3)?
34
Let c(l) = 25*l**2 + 4*l + 5. Calculate c(-1).
26
Let h(a) = -a**3 + 8. Calculate h(0).
8
Let u(g) = 9*g - 442. Give u(49).
-1
Let n(v) = -30*v + 1. Determine n(1).
-29
Let m(p) = -p - 10. Determine m(-6).
-4
Let a(z) = z**3 + 18*z**2 - 19*z - 4. Calculate a(-19).
-4
Let j(l) = -2*l**2 - 39*l - 170. Determine j(-8).
14
Let s(n) = 19*n - 1. What is s(-2)?
-39
Let b(q) = 3*q - 36. Give b(15).
9
Let r(d) = d**3 + 3*d**2 + 3*d + 8. Give r(0).
8
Let y(p) = -10*p - 20. Determine y(-6).
40
Let l(r) = r. Determine l(3).
3
Let c(r) = r**3 + 5*r**2 + 6*r + 10. Determine c(-7).
-130
Let q(c) = -4*c**3 + 4*c**2 - 9*c + 13. Calculate q(2).
-21
Let s(q) = -q**2 - q + 14. Give s(-6).
-16
Let c(i) = 3*i + 11. Calculate c(-10).
-19
Let y(k) = -k**3 + 8*k**2 + 21*k - 106. Give y(9).
2
Let o(q) = q**2 - 10*q - 19. Calculate o(12).
5
Let p(g) = -2*g - 3. Calculate p(-7).
11
Let g(h) = -2*h**3 - 2*h**2 + 12*h - 6. Determine g(-3).
-6
Let d(o) = -o**3 + 11*o**2 + 9*o + 9. Determine d(12).
-27
Let l(g) = 2*g**3. Calculate l(-1).
-2
Let b(u) = u**3 - 13*u**2 - 15*u + 3. Give b(14).
-11
Let q(s) = -s**2 + 7*s - 10. What is q(7)?
-10
Let l(s) = -3*s - 7. Determine l(-9).
20
Let w(m) = m**3 - 11*m**2 - m. Give w(11).
-11
Let c(w) = w + 15. What is c(-5)?
10
Let a(t) = t**2 - 3*t + 1. Calculate a(5).
11
Let p(z) = -z**2 + 8*z + 4. What is p(9)?
-5
Let c(b) = -b - 5. Determine c(-10).
5
Let w(z) = z**3 + 11*z**2 + 16*z + 6. Determine w(-9).
24
Let l(k) = -4*k - 7. What is l(-4)?
9
Let w(q) = -q**2 - q + 5. What is w(3)?
-7
Let f(r) = -4*r + 37. Determine f(-20).
117
Let h(z) = -z**3 - 4*z**2 + 4*z. What is h(-5)?
5
Let w(z) = z**2 - 21*z + 115. Give w(12).
7
Let v(g) = g**2 - 9*g - 57. Calculate v(14).
13
Let f(c) = -c**3 + 5*c**2 - c + 11. Determine f(5).
6
Let n(w) = -2*w + 37. Give n(-15).
67
Let u(b) = -3*b - 3. What is u(4)?
-15
Let d(s) = -15*s**2 + 8*s. Give d(1).
-7
Let i(d) = -6*d - 51. Give i(-12).
21
Let h(q) = -3*q - 57. What is h(-18)?
-3
Let c(i) = -5*i - 80. Calculate c(-16).
0
Let b(r) = r**3 - 3*r**2 - 7*r - 5. Give b(5).
10
Let m(g) = g**3 - 7*g**2 - 12*g - 18. Give m(8).
-50
Let v(u) = 13*u - 15. Determine v(2).
11
Let c(o) = -o**3 - 4*o**2 - 6*o - 5. What is c(-4)?
19
Let v(z) = 18*z**2 + 2*z + 1. Determine v(-1).
17
Let u(x) = 14*x**2 - 3*x - 3. What is u(-1)?
14
Let f(z) = z**2 - 14*z + 17. Determine f(10).
-23
Let o(x) = 2*x**3 + 5*x + 19. Determine o(-2).
-7
Let i(u) = -u**3 - 5*u**2 + 7*u + 6. Give i(-6).
0
Let w(q) = q - 5. Give w(-3).
-8
Let y(i) = -5*i**2 + i + 1. Give y(-1).
-5
Let s(d) = d**2 + 8*d - 19. Determine s(-10).
1
Let m(k) = 15*k + 8. What is m(0)?
8
Let m(k) = -k**2 - 18*k. Determine m(-18).
0
Let w(g) = g**2 - g + 2. What is w(3)?
8
Let b(j) = j**2 + 10*j + 6. Calculate b(-9).
-3
Let v(w) = 5*w**2 + 4*w - 2. Determine v(4).
94
Let o(h) = h**2 + 3*h - 4. Calculate o(-9).
50
Let m(l) = -l**3 + 5*l**2 - 4*l + 1. Determine m(5).
-19
Let l(h) = 6*h**2 + h - 5. Calculate l(4).
95
Let k(j) = 3*j + 31. Give k(-13).
-8
Let w(s) = -s**3 + 10*s**2 - 13*s - 10. Give w(8).
14
Let g(l) = l**3 - 32*l**2 + 31*l - 5. Calculate g(31).
-5
Let v(q) = 12*q**2 + 4*q + 3. What is v(-1)?
11
Let n(a) = -2*a - 8. Calculate n(0).
-8
Let c(i) = i**3 - 10*i**2 + 2*i - 18. Calculate c(10).
2
Let i(u) = -56*u - 31. What is i(-3)?
137
Let c(o) = -4*o - 4. What is c(-6)?
20
Let b(q) = 3*q**3 + 7*q**2 + 13*q + 8. Give b(-3).
-49
Let c(j) = -j + 9. Give c(4).
5
Let v(a) = -2*a**2 - 38*a - 5. What is v(-18)?
31
Let h(s) = s + 5. Calculate h(-7).
-2
Let u(c) = -c**3 - 5*c**2 + 3*c - 8. Give u(-6).
10
Let d(o) = -o**3 + 10*o**2 - 8*o - 9. Give d(9).
0
Let r(l) = l**3 - 5*l**2 - 11*l - 21. Give r(7).
0
Let i(y) = y**2 - 17*y + 24. What is i(16)?
8
Let w(r) = -7*r - 124. Give w(-16).
-12
Let h(u) = -4*u**2 + 4*u - 2. Determine h(1).
-2
Let d(c) = 21*c - 12. What is d(-5)?
-117
Let d(h) = -h**3 